2 - -68) + 0)/(k/(-8))?
2, 11
Suppose 5*p - 3 = 2*h + 16, 4*h = 5*p - 23. Let a(n) = 22*n - 21*n - 1566*n**2 + 1569*n**2. What are the prime factors of a(h)?
2, 5
Suppose 0*u + 5 = u. Suppose 25 + 25 = 5*k. Suppose 0 = -u*f - k, -h + 17 = 4*h + 4*f. What are the prime factors of h?
5
Suppose -2*d + 4 = -r, -4*d = -6*r + 2*r - 8. Suppose 2*q - 35 = -5*p + 31, r = 5*q - 2*p - 223. What are the prime factors of q?
43
Suppose -f = -4*d - 431, 2*f = 4*f + 5*d - 836. Suppose f = 6*m - 279. What are the prime factors of m?
3, 13
Let a(p) = p**3 + 8*p**2 - 2*p - 6. Let s be a(-8). Suppose 3*t + 2*j = -2*j + s, 5*j = -2*t + 9. Suppose -t*v = -4*v + 14. List the prime factors of v.
7
Suppose 3*j = 10 - 1. Suppose 2*r + 5*m = 19, -j*r + 7*r + 7 = -m. What are the prime factors of 68*((-7)/(-2) + r)?
2, 17
Let u(s) = 311*s + 647. What are the prime factors of u(7)?
2, 353
Let n = 114 + 352. What are the prime factors of n?
2, 233
List the prime factors of 2/(-17) + 576004/374.
2, 5, 7, 11
Suppose -4*h = 2*h. Suppose h*a - a = -6. List the prime factors of a.
2, 3
Let d be 2*2/((-4)/(-2)). Suppose -d*g = 3*l - 40, 16 = -0*l + l - 2*g. List the prime factors of l/5*55/22.
7
Let k be 15 - 2 - 32/(-8). Suppose 4*a - 53 = -3*j, -4*a = j - 3*a - k. List the prime factors of j.
3, 5
Let r(j) be the second derivative of j**4/12 + 19*j**3/6 + 4*j**2 - 13*j. Let h be r(-19). Let m = h - -54. What are the prime factors of m?
2, 31
Let d(k) = -k + 16. Let r be d(5). Let a be -2 + r*(-3)/(-3). Suppose 0 = -11*n + a*n + 62. List the prime factors of n.
31
Let r(w) = 24*w - 15. Let j be r(3). Let y = j + 17. What are the prime factors of y?
2, 37
Let d = 384 - 748. Let s = -251 - d. List the prime factors of s.
113
Let w be (-8)/(-2) + -4 - 15. List the prime factors of 90*(48/w - -4).
2, 3
Let g = 50 - 49. What are the prime factors of 154 + 5/(15/12)*g?
2, 79
Let k = -96 - -99. Suppose -8*z - 15 = -3*z, k*i + 3*z - 633 = 0. List the prime factors of i.
2, 107
Let w(k) = -13*k**3 - k**2 - 3*k - 2. Let p be w(-1). Let r(v) = -v**3 + 13*v**2 + v - 2. List the prime factors of r(p).
11
Let w(u) = u**2 - 9*u + 20. Let j = -85 + 100. List the prime factors of w(j).
2, 5, 11
Let j = -35 - -39. List the prime factors of (10/(-8) + j)*8.
2, 11
Let s(q) = -q**3 + 7*q**2 + q - 6. Let m be s(7). Let j be 1 - m - (0 + -3). Suppose 4*w - 2*o - 46 = -j*o, 5*w = 2*o + 64. List the prime factors of w.
2, 3
Let t(n) = -n**3 + 3*n**2 - 5*n - 9. Let z be t(4). Let p = z + 47. List the prime factors of p.
2
Let c(l) = 8*l**2 + 4 - 9 - 9*l**2 - 6*l - 4*l**2 - 4*l**3. List the prime factors of c(-3).
2, 19
Let b(k) = 4*k**2 + 13. Suppose -3*q = -y - 0*q, -3*y - 5 = -4*q. What are the prime factors of b(y)?
7
Let x(m) = m**3 - 4*m**2 - m + 2. Let i be (0 + -4 + 1)*-1. Let q be x(i). What are the prime factors of (6/(-12))/(1/q)?
5
Let g(m) = 506*m**3 + 4*m - 2. What are the prime factors of g(1)?
2, 127
Suppose -3*d + 8*d = 3365. What are the prime factors of d?
673
Suppose 5*j = 3*g - 4*g + 5471, 5*g - 5 = 0. List the prime factors of j.
2, 547
Let w(l) = 30*l**2 + 84*l - 22. What are the prime factors of w(-6)?
2, 277
Suppose 0 = -7*q + 14*q - 9870. List the prime factors of q.
2, 3, 5, 47
Let h(t) = 2*t**2 - 10*t - 19. List the prime factors of h(23).
809
Let i(p) = 5*p**3 - 2*p**2 - 8*p + 1. Let n be i(5). Suppose 14*c - n = 542. What are the prime factors of c?
7, 11
Let w = 5530 + -2984. List the prime factors of w.
2, 19, 67
List the prime factors of (-9 + (-2)/3)*(-3)/1.
29
Suppose -607*s + 610*s - 4857 = 0. What are the prime factors of s?
1619
List the prime factors of 0 + (-1 - -676) + (-9)/3.
2, 3, 7
Let r = -34 - -43. What are the prime factors of r*8 + (-1 - 0)?
71
Let p be (-4)/6 - (-29)/3. Let b = -4 + p. Let x(f) = 8*f - 12. List the prime factors of x(b).
2, 7
Let b(g) be the second derivative of g**5/20 + 17*g**4/12 - g**3/2 - 7*g**2 + 5*g. List the prime factors of b(-17).
37
Let f = -837 + 1651. Suppose 2*s - w - 250 - 86 = 0, -5*s - 4*w + f = 0. What are the prime factors of s?
2, 83
Let d(r) = 2*r - 7. Let l be d(5). Let m(p) = -11 - 27*p**2 - 14*p - 37*p**2 + 74*p**2 + p**l. List the prime factors of m(-11).
2, 11
What are the prime factors of -4 - (-10 + -8554)/4?
2137
Let b(h) = -h**3 - 7*h**2 - 8*h - 8. Let j be b(-6). Suppose -4*f + j = -0, 3*g - 2*f = 22. Suppose g*i = 4*i + 92. List the prime factors of i.
23
Suppose -4*u = 5*z - 6620, 0 = 3*z + 8*u - 4*u - 3972. List the prime factors of z.
2, 331
Let s(q) = 7*q**2 + 5*q - 6. Let a(m) = -6*m**2 - 4*m + 7. Let x(w) = 6*a(w) + 5*s(w). List the prime factors of x(0).
2, 3
Let l be (6/(-5))/(1/10). Let h(n) = 27 + 36 - n - 96 + 30. What are the prime factors of h(l)?
3
Let r(y) = y**2 - y + 1. Let x(g) = g**2 + 11*g - 1. Let j(b) = r(b) + x(b). Let p be 5/(-15)*21/1. List the prime factors of j(p).
2, 7
Let o = 27 + 63. Suppose -8*n + o = -6*n. List the prime factors of n.
3, 5
Let x(q) = -q**3 + 11*q**2 + 12*q + 9. Let r(m) = -5*m**3 - 2*m**2 + 4. Let j be r(-2). Suppose -6*s = -9*s + j. List the prime factors of x(s).
3
Let s = -31 + 71. Let d = s + -16. What are the prime factors of d?
2, 3
Suppose -11*p + 4584 + 4722 = 0. List the prime factors of p.
2, 3, 47
Suppose 114*b = 117*b - 366. List the prime factors of b.
2, 61
Suppose -13 = -3*n - 2*j, 3*n + 1 = 5*j - 0*j. Suppose 3*d - 317 = -5*r, n*d = -6*r + 3*r + 327. List the prime factors of d.
2, 3, 19
Let l(d) = d**2 - 5*d - 3. Let k be l(5). Let p be 22/4 + k/(-6). Suppose -2 + p = 2*j. What are the prime factors of j?
2
Let g(u) = -64*u + 2. Let m be g(-2). Let s = 186 - m. What are the prime factors of s?
2, 7
Let s(r) = -r - 11. Let p be s(-14). Let h(q) = 0*q - 9 + q - p*q - 2*q. List the prime factors of h(-6).
3, 5
Let v(q) = 2*q**3 - 28*q**2 - 12*q - 37. What are the prime factors of v(18)?
2339
Let h be 35/4 - 2/(-8). Let t(x) = x**2 - 8*x - 4. Let o be t(h). Suppose -2*w = o*v - 51 - 22, -4*w = -v - 91. What are the prime factors of w?
2, 3
Let d be (3/(-2))/((-5)/10). Suppose d*j + 28 = 5*i - 3, 4*i - 10 = -5*j. Suppose 0 = i*m, 0 = -n + m - 1 + 9. List the prime factors of n.
2
Let q be (-1)/((-36)/(-8)) + 5411/9. Suppose 0 = -5*k - 2*b + q, -k - k = b - 241. What are the prime factors of k?
7, 17
Suppose 4774*v + 11300 = 4779*v. List the prime factors of v.
2, 5, 113
Let t = 11 + -8. Suppose f + 5*j - 213 = -f, t*f + 5*j = 332. List the prime factors of f.
7, 17
Suppose -3*x - 3*d + 390 = -1194, 3*x - 2*d = 1604. What are the prime factors of x?
2, 7, 19
Suppose -5*d - 12 = -22. Suppose -3 - 3 = -d*x. Suppose r = x*r - 20. List the prime factors of r.
2, 5
Suppose 2*t - 2 = 12. Suppose t = 7*u - 7. Suppose u*n = 4*n - 64. What are the prime factors of n?
2
Suppose a - 5*q + 2 = -15, a = -4*q + 19. Suppose -2*t - a*t = -4*l, t + 6 = 2*l. Suppose l*b = 170 + 30. What are the prime factors of b?
2, 5
Let p = 101 - -85. What are the prime factors of p?
2, 3, 31
Suppose -9*k + 125 + 1126 = 0. What are the prime factors of k?
139
Suppose -36*q + 94962 = 15*q. What are the prime factors of q?
2, 7, 19
Let j(n) = 172*n + 1. Let q be j(1). Let m = -84 + q. List the prime factors of m.
89
Let n be -4 + (-83)/(-4) - 3/4. Suppose 0 = -4*t - 4*t + n. List the prime factors of t.
2
Suppose 0*l - 48 = 3*l. Let z = l - -19. Suppose 3*d - 10 = w - 2*w, -z*d = 3*w - 12. List the prime factors of d.
3
Let r(y) = 31 + 81*y - 206*y + 100*y - y**2. List the prime factors of r(-13).
11, 17
Let j be (-3696)/(-32) - 1/(-2). Suppose -s - s + 144 = 4*w, 4*w = 5*s + j. What are the prime factors of w?
2, 17
Suppose 377*s = 369*s + 8608. List the prime factors of s.
2, 269
Let q(m) be the third derivative of 1/8*m**4 + 0 + 0*m + 1/3*m**3 + 4/15*m**5 - 10*m**2. List the prime factors of q(-1).
3, 5
Suppose -13*y + 1025 = -10454. What are the prime factors of y?
883
Let w(s) = -17*s**2 - 72*s - 125. Let i(j) = 4*j**2 + 18*j + 31. Let p(v) = 9*i(v) + 2*w(v). List the prime factors of p(-12).
101
Let m(x) = -93*x**2 + 2*x - 2. Let r be m(1). Let a = r + 220. What are the prime factors of a?
127
Let w(l) = 9*l - 17. Let p be w(8). Suppose 2*r + 3*r - p = 0. Let q(i) = 4*i + 9. What are the prime factors of q(r)?
53
Let t(o) be the first derivative of -3 + 9/2*o**2 + 2*o - 1